?
-9
What is the value of 13 - (0 - 28 - -23)?
18
-7 - (-11 + -2) - (-2 + 13)
-5
Evaluate -47 + 19 - ((-1 - 1) + -6).
-20
Evaluate (-5 - -2 - -3) + -3 - 12.
-15
What is -6 + -2 - (-26 - -29) - 15?
-26
Evaluate (-2 - 1 - (2 - (1 + 9))) + -29.
-24
Calculate -3 + (-18 - -9) + -31 + 43.
0
What is 1623 + -1610 + (-2 - 0)?
11
What is the value of 19 + (4 - (-18 - -32))?
9
-17 + (5 + -5 - (-6 + (-9 - -11)))
-13
Evaluate -47 + 39 + (2 + 19 - 2).
11
What is 2 + 0 + (50 - (-4 - -56))?
0
What is -14 + (-25 - -9) + 24?
-6
(-32 - -21) + -28 - -33
-6
17 - (-2 + 18) - 13
-12
What is the value of (20 - 6) + -3 + -4 + 1 + 3?
11
What is (2 - -5) + -3 + (-8 - 4 - -7)?
-1
Calculate -4 + 0 + 2 + 4 + -21.
-19
Calculate 9 - ((-5 - (-13 - (-5 - 2))) + 4).
4
-116 - -96 - (1 - (2 + -7))
-26
Evaluate 2 + 1 + 285 + -263.
25
What is 23 + (-3 - -1) + (13 - 49) + 37?
22
What is the value of -7 - ((8 - (4 + -6)) + -5 - 5)?
-7
Evaluate 2 + 8 - (33 + 0) - -7.
-16
Evaluate (6 - (8 + 1) - -6) + -2.
1
Calculate -10 + 12 + -5 + -13.
-16
8 + (2 - -8 - 18) - (-1 + 9)
-8
-6 + -1 + (-2 + 7 + -1 - 3)
-6
60 + -72 - (-15 - (6 + -10))
-1
What is the value of (4 - (7 - 9)) + 2 + -4 + -4?
0
What is the value of (-4 - (2 - 4)) + 0?
-2
Calculate (-9 - (6 + 3 + -13)) + 11 + -5.
1
Evaluate 667 + -667 - (2 + -11).
9
Calculate 76 + -55 + -3 + -14.
4
(-11 - (-21 - -14)) + -1 + -5
-10
Calculate -2 - (0 - 1) - ((-71 - 56) + 96).
30
What is the value of 17 + (-3 - (17 - -7))?
-10
Calculate 0 + (4 - (-3 - -16) - (-13 + 8)).
-4
What is the value of -4 + (6 - 8) - (-3 - 3)?
0
Calculate 2 - 11 - ((9 - 16) + -7).
5
What is the value of 27 - ((-24 - -4) + 39)?
8
Calculate 11 + 0 + (4 - -1 - 9) + -24.
-17
Evaluate 3 + -3 - -20 - (12 - 6).
14
What is -1 + 7 + (-31 - -14)?
-11
What is -1 + -116 + 105 + 0 + 14?
2
1 + (-5 - -6) + -12 + 7
-3
What is the value of 3 + 11 + -4 - 12?
-2
-11 + -21 + 61 - 63
-34
What is -6 + -28 + 28 + (-2 - 15)?
-23
What is 2 - (-25 + 15 - -13)?
-1
What is (-41 + -9 - -43) + -9?
-16
Calculate 38 + -37 - 55 - -35.
-19
Calculate 12 + -23 + 34 + (1 - 32).
-8
Evaluate 6 - (-9 + -9 + 15 - -2).
7
What is the value of 9 + -5 + (6 - 15)?
-5
(2332 - 2357) + (-3 + 2 - -8)
-18
Calculate 3 + 20 + (17 - (37 + 8 - 18)).
13
What is the value of -10 + 2 + (6 - 6 - 5)?
-13
-3 - ((-7 - (1 - -3)) + (-2 - 0))
10
What is (0 - (4 + 3)) + 16 + 7 + -20?
-4
9 + -20 - -18 - 3 - (18 - 0)
-14
Evaluate -5 + -10 + 0 + 19.
4
Evaluate (17 - 24) + (5 - 1).
-3
What is the value of 11 + -30 + 10 - (1 - 2)?
-8
-6 - (10 + -20 - -9) - (-18 + 2)
11
9 - ((-4 - (-24 - -16)) + 6)
-1
What is the value of -34 + -5 + 31 + -12?
-20
Evaluate (7 - 1) + (14 - (17 - -19)) + -1.
-17
What is the value of -7 + 4 - (2 + 3) - 4 - -3?
-9
9 + -8 + 18 + (-1 - 3)
15
Calculate 9 + 1 + -2 - (-798 - -803).
3
What is the value of 5 + (15 - (9 - (9 - 10)))?
10
0 + -2 - (-1 + 11 - (230 - 181))
37
What is the value of 9 + (-5 - 8) + (9 - (2 - 3))?
6
What is -38 + (-36 - -84) + (0 - 25)?
-15
(11 - (19 + -2)) + -1 + 0
-7
What is -9 + 19 + -31 + 3 + 4 + -15?
-29
Calculate (1 - 0) + (-3 - 14) + 4.
-12
What is (32 - 22 - (0 + 14)) + (17 - -7)?
20
What is 4 + 2 + (62 - 64) - 5?
-1
What is the value of 2 - (0 - (-3 - -15))?
14
What is the value of -267 - -288 - (0 + 13) - (-1 + 2)?
7
Evaluate 11 - (10 - 14) - 1.
14
Evaluate -12 + (12 - -14) + 5 + -10 - -7.
16
(13 - -3) + (-108 - -109)
17
What is 7 + (15 + -25 - -25)?
22
-10 + -10 + (10 - -10)
0
Calculate 10 - (3 - -2 - 4 - -11).
-2
What is the value of -3 + -15 + (17 - 7)?
-8
What is 5 - (10 + 0 - (-33 - -65))?
27
Calculate 3 - 9 - (-13 - -19 - (3 + -9)).
-18
30 + (15 - (38 + -2))
9
Calculate 24 - (8 + 6 + 9).
1
(11 - (-10 - -15)) + -8
-2
What is -28 + 10 + 10 + (1 - (-1 + 8))?
-14
What is the value of (8 - -2) + -3 + (42 - 71)?
-22
What is 0 - (7 + -19 + 5 - (-5 + 1))?
3
What is the value of -1 + -12 + (15 - -10)?
12
What is the value of 38 + (-5 - 9) + -11?
13
Calculate -193 + 195 - (1 - 15 - (-23 - -19)).
12
Calculate 4 + -1 + (1 - -6 - -1).
11
What is the value of -28 - -18 - (-4 + 23 + -3 + 0)?
-26
Calculate 2 + 6 + -15 + 0 + 15 + 1.
9
Evaluate 11 - ((-41 - -55) + 0 + 3).
-6
Evaluate 39 + (-4 - 12 - 8).
15
What is the value of (1 - -1) + -64 + -2 + 50?
-14
Calculate 82 - 111 - (-13 + -2).
-14
-11 + 1 - (-39 - -57)
-28
Calculate 6 + (-4 - -4 - -3) + -17.
-8
Evaluate 13 + -19 + 11 - 6.
-1
3 + -21 + (3 - -6) + -6
-15
4 - ((-12 - -13) + -4)
7
What is (-28 - -7) + (0 - (2 + -11))?
-12
What is 32 + (-47 - -43) - 6?
22
What is (-452 - -399) + 36 + -1?
-18
What is 15 + -7 + -26 - -16?
-2
What is 0 - -5 - (131 - 124)?
-2
What is -10 - (-1 + (0 - 2))?
-7
What is the value of (-63 - -64 - (-1 - -3)) + 6?
5
-1 - (0 + 5 - 5) - (-19 + 50)
-32
What is the value of 11 + 0 - (1 + -11)?
21
(9 - (4 + -14)) + -3
16
What is 17 - -1 - (7 - 14 - (-9 + 2))?
18
Evaluate -18 - -2 - (93 + -108).
-1
What is the value of 12 - -2 - (6 + -7 + -3 - -6)?
12
(1 + 0 - 1 - 6) + 574 + -570
-2
Evaluate 14 + (-2 - (-5 + 2 + 5)).
10
Evaluate -34 - (-20 + -7 - -3).
-10
(7 + -8 - -31) + -17
13
Calculate -5 + -3 - -3 - (-2 + -4) - 8.
-7
What is the value of -5 + 0 + (2 + 8 - 6) - -23?
22
What is (1 + -4 + 5 - 9 - -6) + -13?
-14
What is the value of -35 - (-41 + 7 - -1)?
-2
What is the value of 12 + (-57 - -50 - (2 - 0))?
3
What is (33 - 5 - (6 + -21 - -8)) + -8?
27
-16 - (16 - (29 - -16)) - 34
-21
(-2 - -17 - 4) + (56 - 48)
19
What is 9 - 6 - 17 - -2?
-12
31 + -32 + (-27 - -23)
-5
What is (21 + -6 - 7) + 2?
10
What is 2 + 4 + -4 + 18 + -38 + -10?
-28
What is the value of -7 + (-4 - -1 - -2) + -14 + 18?
-4
Evaluate -2 - 7 - (18 + -10 + -9).
-8
Calculate (-161 - -154) + 1 + -1.
-7
What is -1 + 30 + (571 - 634)?
-34
17 + 11 + -14 + -8 + 8
14
Evaluate -12 + 14 + (5 - (2 + 2 + 14)).
-11
-322 + 304 - (-15 + -1)
-2
What is the value of 12 - -2 - 6 - 19?
-11
Evaluate (20 - -6) + -13 + -1.
12
Calculate -12 + 6 - -21 - 19 - -3.
-1
What is the value of 3 + -1 + (-6 - 4) - (499 - 514)?
7
Calculate 39 + -32 + 4 + (-28 - 0).
-17
What is -17 + 9 + 6 + -11 + -12?
-25
What is the value of 4 - (-8 - -1 - -16) - 6 - -1?
-10
What is the value of -5 - (-5 - ((-4 - -3) + 6 + 13))?
18
1 + -4 - (-10 - (2 + 10 - 18))
1
Evaluate (-30 - -65) + -37 + -2.
-4
(30 + -60 - -15) + 20
5
Calculate 8 - ((41 - -1) + (-286 - -282)).
-30
Calculate -14 - ((-18 - 7) + 8).
3
Calculate 15 + -16 + 2 - 11.
-10
Calculate -5 + -11 + 14 + (-5 - 1) - 27.
-35
What is (5 + -18 - -5) + (-10 - -24)?
6
What is the value of 6 - (-2 - -15) - -8?
1
What is the value of 1 - (0 + -27 + 2)?
26
Calculate 2 + (-25 - -4) - (-12 - (16 - 22)).
-13
Calculate 39 - (11 - (-6 - 10)) - (-1 - 16).
29
What is 13 - (10 + (8 - 6)) - -15?
16
What is (17 - 3) + 1 - (22 + (-8 - 5))?
6
What is the value of 28 - ((-6 - (-1 + -1 - 5)) + 7)?
20
-19 + 2 + 33 - 2
14
Calculate -8 + 7 + -7 + 18 + 1.
11
-70 + 73 + -37 - -9
-25
What is 14 + 10 + (-18 - -4)?
10
(-2 - 8) + 22 - -4 - -2
18
What is -8 + (29 - 28) + 2 + -7?
-12
Evaluate 115 + -126 + 1 + 2 + 9.
1
Evaluate -84 + 84 + 3 + -5 - (-6 - -1).
3
-4 - (-12 - 4) - 4 - (16 - -2)
-10
Calculate 138 + -105 - (-1 - -30).
4
Evaluate -20 - (-35 + -10 + 17).
8
Evaluate 19 + (9 - (11 - 3)) + -6 + 10.
24
What is the value of 33 + (-69 - -46) - (39 - -2)?
-31
15 - (-13 + 57 + -26)
-3
What is the value of -1 - -1 - (1 + (-18 - -27)) - 9?
-19
What is the value of (-14 - -20) + -31 + 1?
-24
Evaluate 0 - (-13 - (-23 + 1) - 16).
7
Calculate 14 + 14 + -13 - (3 - -9).
3
(21 - 6) + -4 - (32 - (12 + -9))
-18
17 + (16 - 35 - 12)
-14
What is (-4 - -6 - 14) + 0 - (-125 - -128)?
-15
Evaluate (-11 - (-38 - -12)) + (0 - -1 - 4).
12
-3 + 9 + -2 + -23 - (-1 + 0)
-18
What is -7 - -22 - (-189 - -220)?
-16
Calculate 37 + (-11 - 10) - 1.
15
What is the value of 23 - (13 + -23 + 23 + -12)?
22
-4 + 47 + (-37 - -14)
20
What is -8 + 2 + 0 - (42 + -81 + 29)?
4
Evaluate (-1 + 2 - (7 - 19) - 3) + -5.
5
Evaluate 0 + -49 - -1 - (-9709 + 9692).
-31
Evaluate 0 + 4 + 2 - (-8 + 0) - -3.
17
What is -2 + (5 - (2 + 15)) + 38?
24
1 + 5 - (29 + -21 + -7)
5
Evaluate 9 - ((-26 - -42) + -31).
24
What is 5 - -1 - (-8 + 14 + -2) - -2?
4
What is the value of (-1 - -13 - (5 + (16 - 12))) + 25?
28
What is the value of -23 + -10 + 23 + (17 - (5 + -2))?
4
What is (-4697 - -4668) + (2 + -1 - -2)?
-26
What is -3 + 3 + 14 + (-63 - -5